to base 2.
110000110010110000000110
40353664 (base 7) to base 8
14636417
Convert -10531512 (base 6) to base 16.
-4ee24
Convert -4002964 (base 10) to base 12.
-1410644
What is 4173486 (base 9) in base 4?
20201033301
What is -43302 (base 13) in base 11?
-83193
What is 1ba53 (base 14) in base 12?
34a61
What is 56831 (base 10) in base 3?
2212221212
What is 221334400 (base 5) in base 15?
140dba
What is -b5851 (base 13) in base 14?
-8702a
Convert 1209765 (base 10) to base 3.
2021110111010
Convert 37731303 (base 8) to base 2.
11111111011001011000011
-448b (base 14) to base 2
-10111001101011
5ed07 (base 15) to base 11
197974
-101020001222 (base 3) to base 15
-3e972
What is 224031322 (base 5) in base 6?
33251143
What is -2102111001010 (base 3) in base 2?
-100111010101011000110
-19abe (base 15) to base 3
-11020102222
Convert 63c64 (base 13) to base 16.
2bf63
What is a7390 (base 11) in base 2?
100110001000011101
35235430 (base 7) to base 12
1056b07
-22305 (base 16) to base 13
-4b981
Convert 25211025 (base 6) to base 11.
503816
-11000011000101111 (base 2) to base 5
-11144022
Convert 101011221011210 (base 3) to base 7.
63665646
Convert -112202220203 (base 4) to base 15.
-7bac52
What is 14114355 (base 6) in base 5?
110223024
Convert -daec (base 15) to base 14.
-12c67
-1229326 (base 12) to base 8
-15404216
Convert -118a11 (base 13) to base 14.
-aca62
Convert -2000004 (base 5) to base 15.
-93d9
What is 1044103035 (base 6) in base 4?
223131113333
Convert -5622562 (base 8) to base 16.
-172572
What is 91f692 (base 16) in base 11?
5443a60
What is -21221100110222 (base 3) in base 15?
-585168
-1632511 (base 8) to base 12
-1a9461
143b135 (base 14) to base 12
335a777
Convert -13660436 (base 8) to base 7.
-35251431
What is -136788 (base 13) in base 8?
-1630635
What is -7184960 (base 10) in base 15?
-96dd25
Convert 21210212010210 (base 3) to base 8.
17652033
What is -10022e (base 16) in base 6?
-34253034
Convert -916383 (base 12) to base 2.
-1000101010011110010011
-1431411324 (base 5) to base 3
-21002222202122
4160a (base 16) to base 10
267786
Convert -2421445 (base 7) to base 3.
-120122100201
Convert 613688 (base 9) to base 14.
96720
What is -24423401 (base 5) in base 11?
-14a047
Convert -3403112 (base 9) to base 8.
-6773536
4033111 (base 5) to base 8
176415
What is -746243 (base 8) in base 16?
-3cca3
Convert 61378 (base 9) to base 11.
283a6
Convert 94146a (base 11) to base 4.
11300220122
-21122122020 (base 3) to base 10
-150639
Convert -11000010110010110 (base 2) to base 16.
-18596
What is -136553 (base 15) in base 6?
-31554023
What is -33123323 (base 4) in base 2?
-1111011011111011
What is 1100010000121 (base 3) in base 7?
6020164
What is 23054233 (base 7) in base 16?
1eb95c
Convert 1540501 (base 9) to base 15.
11cc91
Convert -35250023 (base 6) to base 2.
-100001011010111011111
11001001111000101 (base 2) to base 13
38082
What is 47184 (base 9) in base 8?
75420
Convert -1b1a964 (base 13) to base 16.
-88c45e
-1146d (base 16) to base 4
-101101231
What is -104a8c (base 13) in base 8?
-1351677
Convert 51515322 (base 8) to base 5.
10243343420
-1701b8b (base 12) to base 2
-10010000011000101011011
18e416 (base 15) to base 3
2021121022010
Convert 927c27 (base 15) to base 14.
cd324b
Convert -67136451 (base 8) to base 12.
-4a17889
Convert 5950657 (base 10) to base 3.
102012022202201
What is 2140545 (base 7) in base 3?
111022101020
30b70b (base 13) to base 5
242423430
Convert 130649 (base 12) to base 10.
311961
What is 1121012110022 (base 3) in base 10?
850346
What is 231de3 (base 16) in base 11?
13320a2
-104696 (base 15) to base 4
-2331003132
-1612595 (base 14) to base 8
-51150527
Convert 329a776 (base 12) to base 4.
210312203022
5432154 (base 6) to base 14
6dd42
-100100101110101010101 (base 2) to base 8
-4456525
What is 40771 (base 11) in base 10?
59489
What is 101422141 (base 5) in base 11?
267858
Convert -10128374 (base 9) to base 6.
-252105534
-13362045 (base 7) to base 2
-100101111001110110100
Convert -900505 (base 11) to base 14.
-29a645
What is 17165367 (base 8) in base 12?
1406447
-10607 (base 14) to base 15
-baee
Convert -103423013 (base 5) to base 11.
-289356
What is d321 (base 16) in base 6?
1054121
Convert -4012143 (base 6) to base 11.
-119617
23027442 (base 9) to base 16
aa9360
-247a0a (base 14) to base 12
-5037b6
Convert 3111120230 (base 4) to base 11.
547741
What is -a9324 (base 11) in base 15?
-320a3
What is 2393927 (base 12) in base 9?
14003834
1b5317 (base 13) to base 7
5632000
Convert -1074362 (base 10) to base 15.
-1634e2
Convert -34502153 (base 9) to base 10.
-16771503
3010303021 (base 4) to base 6
25135521
-214621 (base 7) to base 5
-2201241
Convert -36530a6 (base 11) to base 12.
-21676a7
What is 1071111 (base 8) in base 12?
120775
What is 667b (base 15) in base 4?
11103110
2ca562 (base 13) to base 16
10e8f5
What is 943d3 (base 15) in base 3?
212212201100
Convert -101000001010111110111 (base 2) to base 15.
-1b0063
What is 263612 (base 8) in base 6?
1550042
Convert -13514210 (base 6) to base 4.
-1300203132
-10000011010000110 (base 2) to base 14
-1a6c6
Convert -1226a6 (base 12) to base 14.
-795b8
What is 3388810 (base 9) in base 6?
103122143
What is 5625794 (base 11) in base 16?
967786
What is 4335506 (base 10) in base 9?
8137168
What is 216003 (base 7) in base 10?
38076
14c1e9 (base 15) to base 11
625484
Convert 265066 (base 7) to base 6.
1022251
What is -1b81d (base 16) in base 5?
-12101134
Convert 2720893 (base 10) to base 12.
ab2711
Convert 11101101100 (base 2) to base 15.
86a
Convert -12323112112 (base 4) to base 10.
-1815958
What is -32021012 (base 5) in base 13?
-946c0
-1720734 (base 8) to base 15
-9d30d
-22232430 (base 5) to base 13
-6b292
Convert -4736326 (base 8) to base 10.
-1293526
Convert 10021321 (base 4) to base 16.
4279
Convert 344224 (base 12) to base 16.
cc43c
What is 115132045 (base 6) in base 2?
1000011010010100011101
What is 1604097 (base 11) in base 2?
1010011101110000000001
What is 21860 (base 16) in base 5?
13343222
What is 454116 (base 9) in base 8?
1023215
What is 1c19b8 (base 13) in base 2?
10101111010001000110
What is 55a88 (base 11) in base 4?
103310032
Convert 326321 (base 7) to base 2.
1110000001100011
Convert -24a343 (base 11) to base 16.
-60492
Convert 31321030030 (base 4) to base 13.
9a6a05
-321252111 (base 6) to base 11
-3221401
What is -10230123222 (base 4) in base 15?
-194930
Convert 3144032 (base 5) to base 11.
36918
What is -30355022 (base 7) in base 4?
-21222312002
Convert -110101001010001010 (base 2) to base 3.
-102001200101
What is 107980 (base 10) in base 5?
11423410
349ab (base 14) to base 4
133102023
1004332014 (base 5) to base 2
111101110111001111110
11300102 (base 4) to base 13
a961
Convert 1630486 (base 9) to base 14.
198176
Convert 28da71 (base 15) to base 2.
111100000111100111101
-1101110110011000110100 (base 2) to base 15
-4bab2e
What is 2344a7 (base 12) in base 10?
567487
10213433 (base 6) to base 16
48a7d
What is 7627646 (base 8) in base 7?
23241433
Convert 97e4 (base 16) to base 8.
113744
Convert 467401 (base 8) to base 3.
22002210000
Convert 52b3 (base 14) to base 16.
37bd
-13367564 (base 8) to base 14
-585140
What is -101211201020 (base 3) in base 12?
-a35a3
Convert -314221234 (base 5) to base 10.
-1320194
What is 42e9c (base 15) in base 9?
353503
Convert -12101200102122 (base 3) to base 9.
-5350378
What is 216569 (base 12) in base 5?
113421234
What is -97539 (base 14) in base 11?
-22aa72
Convert 7336144 (base 8) to base 15.
287632
-4520617 (base 8) to base 7
-13243534
-1a4171 (base 11) to base 14
-820c0
Convert 54024 (base 16) to base 14.
8d588
-b3454 (base 15) to base 12
-234837
141500 (base 13) to base 9
824175
15454203 (base 6) to base 7
4455366
973 (base 12) to base 5
21013
Convert 234021410 (base 5) to base 6.
35050101
What is 4846399 (base 11) in base 3?
120212212210120
What is -42872 (base 15) in base 7?
-1536422
30d269 (base 15) to base 5
1043310144
Convert -1001322112 (base 4) to base 14.
-7055c
7b111a (base 12) to base 8
7413146
What is 1461039 (base 10) in base 6?
51152023
Convert 124a75 (base 11) to base 15.
3d54e
3770b (base 14) to base 13
49aa2
What is -313434412 (base 5) in base 7?
-14102441
100201021122 (base 3) to base 16
2eae4
What is 1e8cdc (base 15) in base 4?
11231232300
4157